ase 15) in base 8?
-157426
-d0 (base 14) to base 3
-20202
What is 93 (base 16) in base 7?
300
Convert 10101000101111 (base 2) to base 12.
62bb
What is -2313330 (base 4) in base 12?
-6990
-295 (base 16) to base 8
-1225
What is 516024 (base 7) in base 3?
11111102020
What is 50c (base 13) in base 8?
1531
What is -4229 (base 14) in base 16?
-2c8d
1202001 (base 3) to base 12
89a
What is -be2 (base 16) in base 10?
-3042
12230 (base 9) to base 10
8208
What is -15050 (base 7) in base 3?
-12200202
What is 21211012 (base 3) in base 9?
7735
211030 (base 5) to base 6
52251
-c4c (base 14) to base 9
-3278
Convert -27b4 (base 16) to base 5.
-311124
6560 (base 11) to base 3
102212122
Convert 27197 (base 10) to base 6.
325525
Convert 8e94 (base 15) to base 12.
15641
What is -51 (base 10) in base 11?
-47
Convert -31c (base 13) to base 12.
-384
Convert -18b36 (base 12) to base 2.
-1000110101011010
What is 9a6 (base 11) in base 16?
4b5
-100110100 (base 2) to base 4
-10310
What is 2 (base 3) in base 4?
2
What is 111220121 (base 3) in base 11?
768a
Convert -251a (base 13) to base 16.
-148e
What is 2011112 (base 4) in base 14?
3178
Convert 12226 (base 9) to base 12.
48b9
What is 1104 (base 10) in base 12?
780
Convert -10311 (base 4) to base 5.
-2214
Convert -d92 (base 15) to base 6.
-22102
Convert -4020 (base 5) to base 7.
-1326
What is 1111000000010 (base 2) in base 8?
17002
1433 (base 5) to base 13
159
Convert 3824 (base 11) to base 8.
11573
-22122100 (base 3) to base 8
-14234
-177c (base 13) to base 10
-3483
-71 (base 9) to base 13
-4c
2625 (base 8) to base 15
654
1300 (base 4) to base 13
88
What is -12023 (base 5) in base 7?
-2406
20450 (base 8) to base 6
103144
Convert -3da (base 15) to base 7.
-2365
b4 (base 16) to base 5
1210
What is -11c79 (base 16) in base 3?
-10200220020
-25c5 (base 13) to base 5
-133100
bb (base 12) to base 3
12022
62d (base 14) to base 7
3356
Convert 1021342 (base 5) to base 11.
11933
Convert 13143 (base 5) to base 7.
3025
-2415 (base 12) to base 9
-5488
Convert 1003110 (base 4) to base 9.
5816
What is 192c (base 16) in base 15?
1d99
What is 426 (base 14) in base 12?
582
Convert 301 (base 7) to base 15.
9d
What is 5836 (base 9) in base 10?
4326
-148 (base 13) to base 2
-11100101
Convert 2841 (base 11) to base 2.
111001011011
What is -534320 (base 6) in base 16?
-aae8
What is 101111000100 (base 2) in base 15?
d5c
Convert 2605 (base 12) to base 2.
1000011100101
108 (base 14) to base 4
3030
Convert -415 (base 12) to base 3.
-210222
What is 200002 (base 4) in base 2?
100000000010
What is -1e22 (base 15) in base 6?
-50205
What is -1020101 (base 3) in base 5?
-12101
What is 1016 (base 8) in base 2?
1000001110
-1102 (base 10) to base 11
-912
What is 83b8 (base 14) in base 7?
123121
14435 (base 6) to base 13
10a0
What is -871 (base 11) in base 8?
-2026
What is a45 (base 13) in base 6?
12031
Convert 25701 (base 10) to base 12.
12a59
-f8 (base 16) to base 4
-3320
Convert 116013 (base 7) to base 14.
7a7a
Convert 15945 (base 11) to base 16.
57a2
Convert -54052 (base 6) to base 5.
-214001
Convert -402022 (base 5) to base 6.
-135030
Convert 4065 (base 8) to base 11.
1640
Convert 2a1 (base 12) to base 3.
120011
What is -3466 (base 7) in base 6?
-5521
Convert -3a1 (base 14) to base 10.
-729
Convert -1421320 (base 5) to base 16.
-7391
-ab50 (base 14) to base 5
-1422131
Convert -106321 (base 8) to base 5.
-2123144
Convert 591b (base 14) to base 6.
155445
What is 1300342 (base 5) in base 3?
1021102112
Convert -1658 (base 10) to base 15.
-758
What is 1160 (base 13) in base 11?
1922
-2c2f (base 16) to base 3
-120111221
Convert 11110011011 (base 2) to base 14.
9d1
Convert 1c4e (base 16) to base 11.
5498
Convert 13011 (base 5) to base 2.
1111101110
Convert -10202002 (base 3) to base 6.
-20345
Convert 210 (base 8) to base 15.
91
-100010000 (base 2) to base 8
-420
What is -e2d (base 15) in base 8?
-6171
-7b6 (base 15) to base 9
-2350
-70545 (base 9) to base 5
-2440443
240 (base 12) to base 6
1320
What is 110000110 (base 2) in base 6?
1450
-4521 (base 7) to base 15
-73c
What is -24407 (base 10) in base 3?
-1020110222
245 (base 8) to base 2
10100101
What is -236 (base 7) in base 10?
-125
Convert 101211011 (base 3) to base 9.
11734
Convert 2127 (base 14) to base 4.
1121113
Convert -335 (base 12) to base 6.
-2105
232 (base 4) to base 5
141
Convert 23375 (base 9) to base 5.
444440
What is -3400 (base 6) in base 5?
-11132
What is -52 (base 13) in base 9?
-74
1011010111011 (base 2) to base 10
5819
What is -a0 (base 11) in base 4?
-1232
22218 (base 11) to base 3
1122011210
What is -16340 (base 8) in base 6?
-54120
Convert 123165 (base 8) to base 5.
2330423
What is 1b110 (base 12) in base 14?
10780
What is 53075 (base 9) in base 16?
88f4
What is 2001133 (base 4) in base 2?
10000001011111
Convert -21c (base 16) to base 10.
-540
Convert 21203 (base 4) to base 11.
506
Convert 10011110011111 (base 2) to base 11.
7691
Convert e0c (base 16) to base 7.
13325
Convert -57b (base 13) to base 4.
-32303
What is 16c4 (base 13) in base 7?
12554
658b (base 12) to base 14
4119
11001110101 (base 2) to base 15
753
What is 10100100100 (base 2) in base 7?
3560
1a3b (base 16) to base 3
100012201
8237 (base 13) to base 9
26565
-11010011100100 (base 2) to base 3
-200120111
What is 38374 (base 9) in base 6?
315321
Convert -238 (base 11) to base 7.
-553
What is -33531 (base 11) in base 8?
-136653
What is 49 (base 11) in base 9?
58
What is 200000222 (base 3) in base 11?
9973
2108 (base 14) to base 16
163c
What is 3001 (base 5) in base 6?
1424
62 (base 12) to base 6
202
Convert -52524 (base 6) to base 11.
-5382
-524 (base 6) to base 4
-3010
Convert -2000012221 (base 3) to base 13.
-14cb6
What is -946 (base 11) in base 9?
-1505
1624 (base 7) to base 11
546
Convert 111111110 (base 2) to base 4.
13332
What is -1876 (base 11) in base 7?
-6642
Convert -5443 (base 6) to base 3.
-1201100
24444 (base 6) to base 4
320230
Convert 302004 (base 5) to base 7.
40034
Convert 3290 (base 12) to base 5.
134310
Convert -165b2 (base 13) to base 7.
-235405
-178a (base 16) to base 8
-13612
What is -30331 (base 10) in base 16?
-767b
What is -12415 (base 6) in base 11?
-1462
What is 10b7 (base 12) in base 14?
975
3213 (base 9) to base 2
100100111001
32e (base 15) to base 5
10334
What is -1140 (base 10) in base 15?
-510
Convert 3851 (base 12) to base 16.
18fd
Convert -196a (base 14) to base 3.
-20022110
What is 6415 (base 15) in base 12?
10302
1111010100 (base 2) to base 4
33110
Convert -22111011 (base 3) to base 5.
-144222
What is -246 (base 13) in base 9?
-480
Convert 3350 (base 7) to base 6.
5335
Convert -10000110100100 (base 2) to base 11.
-651a
-78 (base 16) to base 2
-1111000
What is -4195 (base 12) in base 2?
-1110000000001
What is 23201 (base 4) in base 13?
449
Convert 8a86 (base 13) to base 4.
10232300
What is 53467 (base 8) in base 16?
5737
What is 2760 (base 10) in base 7?
11022
15080 (base 9) to base 6
115330
6413 (base 10) to base 9
8715
Convert 48f (base 16) to base 3.
1121020
Convert -2224003 (base 5) to base 15.
-b96d
Convert 1839 (base 16) to base 8.
14071
What is 11110000 (base 3) in base 13?
1623
What is -122010020 (base 3) in base 6?
-133440
-665 (base 11) to base 4
-30131
Convert 3016 (base 11) to base 10.
4010
What is 101200 (base 3) in base 13?
192
Convert -44c (base 16) to base 15.
-4d5
Convert 2c5 (base 13) to base 8.
763
Convert -42233 (base 6) to base 15.
-1a59
Convert -67c8 (base 13) to base 5.
-431104
2558 (base 13) to base 10
5312
What is -271 (base 12) in base 2?
-101110101
-320 (base 12) to base 10
-456
What is -1611 (base 9) in base 16?
-4c9
Convert -2424 (base 6) to base 8.
-1120
51204 (base 9) to base 15
9eba
21a8 (base 12) to base 16
e90
208 (base 16) to base 15
24a
Convert 178b (base 14) to base 9.
5730
Convert -140774 (base 8) to base 11.
-34346
311 (base 13) to base 5
4041
24954 (base 10) to base 11
17826
24547 (base 8) to base 11
7a66
a204 (base 15) to base 16
859c
Convert 127b (base 12) to base 3.
2220012
-157 (base 14) to base 3
-101010
What is 277a (base 13) in base 2?
1011000101110
What is -3b55 (base 15) in base 4?
-3012020
13827 (base 9) to base 2
10010011001101
What is -20b (base 15) in base 14?
-24d
What is -1013002 (base 4) in base 14?
-192a
What is -214 (base 15) in b